{"id":214,"date":"2021-02-13T16:42:51","date_gmt":"2021-02-13T15:42:51","guid":{"rendered":"http:\/\/www.xn--stersundsmodellflygklubb-koc.nu\/?page_id=214"},"modified":"2025-01-29T14:45:44","modified_gmt":"2025-01-29T13:45:44","slug":"regler-2021","status":"publish","type":"page","link":"https:\/\/ostersundsmodellflygklubb.se\/?page_id=214","title":{"rendered":"\u00d6vergripande regler"},"content":{"rendered":"\n<p> H\u00e4r hittar du de regler som g\u00e4ller generellt i landet fr o m 2021-01-01<\/p>\n\n\n\n<ul class=\"wp-block-list\">\n<li><a href=\"https:\/\/www.faltregister.se\/wp-content\/uploads\/2024\/02\/Regler_v2024_oversikt.pdf\" target=\"_blank\" rel=\"noreferrer noopener\">\u00d6versikt \u00f6ver de regler som g\u00e4ller f\u00f6r modellflyg och dr\u00f6nare fr\u00e5n 2021<\/a><\/li>\n<\/ul>\n\n\n\n<ul class=\"wp-block-list\">\n<li><a href=\"https:\/\/www.faltregister.se\/wp-content\/uploads\/2020\/12\/RCFF-SMFF-regler-v-1.4.2-2021C.pdf\" target=\"_blank\" rel=\"noreferrer noopener\">S\u00e4kerhetsregler f\u00f6r modellflyg utomhus RCFF\/SMFF<\/a><\/li>\n<\/ul>\n\n\n\n<p style=\"font-size:1px\"><\/p>\n","protected":false},"excerpt":{"rendered":"<p>H\u00e4r hittar du de regler som g\u00e4ller generellt i landet fr o m 2021-01-01<\/p>\n","protected":false},"author":1,"featured_media":0,"parent":0,"menu_order":0,"comment_status":"closed","ping_status":"closed","template":"template-fullwidth.php","meta":{"_EventAllDay":false,"_EventTimezone":"","_EventStartDate":"","_EventEndDate":"","_EventStartDateUTC":"","_EventEndDateUTC":"","_EventShowMap":false,"_EventShowMapLink":false,"_EventURL":"","_EventCost":"","_EventCostDescription":"","_EventCurrencySymbol":"","_EventCurrencyCode":"","_EventCurrencyPosition":"","_EventDateTimeSeparator":"","_EventTimeRangeSeparator":"","_EventOrganizerID":[],"_EventVenueID":[],"_OrganizerEmail":"","_OrganizerPhone":"","_OrganizerWebsite":"","_VenueAddress":"","_VenueCity":"","_VenueCountry":"","_VenueProvince":"","_VenueState":"","_VenueZip":"","_VenuePhone":"","_VenueURL":"","_VenueStateProvince":"","_VenueLat":"","_VenueLng":"","_VenueShowMap":false,"_VenueShowMapLink":false,"footnotes":""},"class_list":["post-214","page","type-page","status-publish","hentry"],"acf":[],"_links":{"self":[{"href":"https:\/\/ostersundsmodellflygklubb.se\/index.php?rest_route=\/wp\/v2\/pages\/214","targetHints":{"allow":["GET"]}}],"collection":[{"href":"https:\/\/ostersundsmodellflygklubb.se\/index.php?rest_route=\/wp\/v2\/pages"}],"about":[{"href":"https:\/\/ostersundsmodellflygklubb.se\/index.php?rest_route=\/wp\/v2\/types\/page"}],"author":[{"embeddable":true,"href":"https:\/\/ostersundsmodellflygklubb.se\/index.php?rest_route=\/wp\/v2\/users\/1"}],"replies":[{"embeddable":true,"href":"https:\/\/ostersundsmodellflygklubb.se\/index.php?rest_route=%2Fwp%2Fv2%2Fcomments&post=214"}],"version-history":[{"count":21,"href":"https:\/\/ostersundsmodellflygklubb.se\/index.php?rest_route=\/wp\/v2\/pages\/214\/revisions"}],"predecessor-version":[{"id":980,"href":"https:\/\/ostersundsmodellflygklubb.se\/index.php?rest_route=\/wp\/v2\/pages\/214\/revisions\/980"}],"wp:attachment":[{"href":"https:\/\/ostersundsmodellflygklubb.se\/index.php?rest_route=%2Fwp%2Fv2%2Fmedia&parent=214"}],"curies":[{"name":"wp","href":"https:\/\/api.w.org\/{rel}","templated":true}]}}