{"id":965,"date":"2025-01-29T12:29:20","date_gmt":"2025-01-29T11:29:20","guid":{"rendered":"https:\/\/ostersundsmodellflygklubb.se\/?page_id=965"},"modified":"2025-04-29T22:31:30","modified_gmt":"2025-04-29T20:31:30","slug":"d-omrade-over-vart-flygomrade","status":"publish","type":"page","link":"https:\/\/ostersundsmodellflygklubb.se\/?page_id=965","title":{"rendered":"D-omr\u00e5de \u00f6ver v\u00e5rt flygomr\u00e5de"},"content":{"rendered":"\n<p>Green Flyway \u00e4r ett projekt med syfte \u00e4r att bygga f\u00f6ruts\u00e4ttningar f\u00f6r tester av eldrivna och autonoma luftfartyg.&nbsp;<\/p>\n\n\n\n<p>Projektet har f\u00e5tt tillst\u00e5nd fr\u00e5n Transportstyrelsen att testflyga dr\u00f6nare utom synh\u00e5ll i ett omr\u00e5de kopplat till Optands flygf\u00e4lt, se bifogad bild. Tillst\u00e5ndet g\u00e4ller f\u00f6r en tillf\u00e4llig geografisk UAS-Zon\/D-omr\u00e5de. Tillst\u00e5ndet g\u00e4ller fr\u00e5n 2025-01-20 tom 2025-06-30.<\/p>\n\n\n\n<figure class=\"wp-block-image\"><img decoding=\"async\" src=\"https:\/\/flygklubben.se\/wp-content\/uploads\/2025\/01\/image001.png\" alt=\"\" class=\"wp-image-717\"\/><\/figure>\n\n\n\n<p>Dr\u00f6narflygning kommer bara att ske inom det inre omr\u00e5det och v\u00e5rt f\u00e4lt och flygomr\u00e5de ligger inom det st\u00f6rre yttre omr\u00e5det som \u00e4r en &#8221;buffertzon&#8221;. <strong>Omr\u00e5det \u00e4r klassat som D-omr\u00e5de vilket inneb\u00e4r att vi kan forts\u00e4tta att flyga som vanligt p\u00e5 v\u00e5rt f\u00e4lt<\/strong> men att vi skall vara medvetna om att det kan finnas UAV-farkoster borta \u00f6ver skogen utanf\u00f6r v\u00e5rt flygomr\u00e5de.<\/p>\n\n\n\n<p><a href=\"https:\/\/flygklubben.se\/d-omrade-for-test-av-dronare\/\" target=\"_blank\" rel=\"noreferrer noopener\">Mera info om detta finns p\u00e5 \u00d6stersunds flygklubbs hemsida och d\u00e4r finns ocks\u00e5 en kalender d\u00e4r det g\u00e5r att se vilka dagar  flygning i D-omr\u00e5det \u00e4r planerad. <\/a><\/p>\n\n\n\n<p>Du kan ocks\u00e5 l\u00e4sa mer om hela Green Flyway-projektet h\u00e4r:  <a href=\"https:\/\/www.greenflyway.se\" target=\"_blank\" rel=\"noreferrer noopener\">https:\/\/www.greenflyway.se<\/a><\/p>\n\n\n\n<figure class=\"wp-block-image size-large\"><img loading=\"lazy\" decoding=\"async\" width=\"758\" height=\"1024\" src=\"https:\/\/ostersundsmodellflygklubb.se\/wp-content\/uploads\/2025\/01\/https___aro_lfv_se_Editorial_View_15096_SUP_3_25_20ESD873_20Optand-758x1024.png\" alt=\"\" class=\"wp-image-972\" srcset=\"https:\/\/ostersundsmodellflygklubb.se\/wp-content\/uploads\/2025\/01\/https___aro_lfv_se_Editorial_View_15096_SUP_3_25_20ESD873_20Optand-758x1024.png 758w, https:\/\/ostersundsmodellflygklubb.se\/wp-content\/uploads\/2025\/01\/https___aro_lfv_se_Editorial_View_15096_SUP_3_25_20ESD873_20Optand-222x300.png 222w, https:\/\/ostersundsmodellflygklubb.se\/wp-content\/uploads\/2025\/01\/https___aro_lfv_se_Editorial_View_15096_SUP_3_25_20ESD873_20Optand-768x1038.png 768w, https:\/\/ostersundsmodellflygklubb.se\/wp-content\/uploads\/2025\/01\/https___aro_lfv_se_Editorial_View_15096_SUP_3_25_20ESD873_20Optand-1137x1536.png 1137w, https:\/\/ostersundsmodellflygklubb.se\/wp-content\/uploads\/2025\/01\/https___aro_lfv_se_Editorial_View_15096_SUP_3_25_20ESD873_20Optand-1516x2048.png 1516w, https:\/\/ostersundsmodellflygklubb.se\/wp-content\/uploads\/2025\/01\/https___aro_lfv_se_Editorial_View_15096_SUP_3_25_20ESD873_20Optand.png 1686w\" sizes=\"auto, (max-width: 758px) 100vw, 758px\" \/><\/figure>\n\n\n\n<figure class=\"wp-block-image size-large is-resized\"><img loading=\"lazy\" decoding=\"async\" width=\"857\" height=\"1024\" src=\"https:\/\/ostersundsmodellflygklubb.se\/wp-content\/uploads\/2025\/03\/Alla_inkorgar-857x1024.png\" alt=\"\" class=\"wp-image-1020\" style=\"width:590px;height:auto\" srcset=\"https:\/\/ostersundsmodellflygklubb.se\/wp-content\/uploads\/2025\/03\/Alla_inkorgar-857x1024.png 857w, https:\/\/ostersundsmodellflygklubb.se\/wp-content\/uploads\/2025\/03\/Alla_inkorgar-251x300.png 251w, https:\/\/ostersundsmodellflygklubb.se\/wp-content\/uploads\/2025\/03\/Alla_inkorgar-768x917.png 768w, https:\/\/ostersundsmodellflygklubb.se\/wp-content\/uploads\/2025\/03\/Alla_inkorgar.png 1214w\" sizes=\"auto, (max-width: 857px) 100vw, 857px\" \/><\/figure>\n\n\n\n<figure class=\"wp-block-image size-large is-resized\"><img loading=\"lazy\" decoding=\"async\" width=\"1024\" height=\"639\" src=\"https:\/\/ostersundsmodellflygklubb.se\/wp-content\/uploads\/2025\/03\/Inkorg_\u2013_iCloud-1024x639.png\" alt=\"\" class=\"wp-image-1023\" style=\"width:592px;height:auto\" srcset=\"https:\/\/ostersundsmodellflygklubb.se\/wp-content\/uploads\/2025\/03\/Inkorg_\u2013_iCloud-1024x639.png 1024w, https:\/\/ostersundsmodellflygklubb.se\/wp-content\/uploads\/2025\/03\/Inkorg_\u2013_iCloud-300x187.png 300w, https:\/\/ostersundsmodellflygklubb.se\/wp-content\/uploads\/2025\/03\/Inkorg_\u2013_iCloud-768x479.png 768w, https:\/\/ostersundsmodellflygklubb.se\/wp-content\/uploads\/2025\/03\/Inkorg_\u2013_iCloud-480x300.png 480w, https:\/\/ostersundsmodellflygklubb.se\/wp-content\/uploads\/2025\/03\/Inkorg_\u2013_iCloud-640x400.png 640w, https:\/\/ostersundsmodellflygklubb.se\/wp-content\/uploads\/2025\/03\/Inkorg_\u2013_iCloud.png 1244w\" sizes=\"auto, (max-width: 1024px) 100vw, 1024px\" \/><\/figure>\n\n\n\n<p>2025-04-29<\/p>\n\n\n\n<p class=\"has-black-color has-text-color has-link-color wp-elements-bf726e1191be3e0541fdd1a5dde3b2a0\"><strong>Green Flyway planerar testflygningar med dr\u00f6nare i ESD 873 Optand i \u00d6stersunds kommun den 6-7-8 maj 2025 under dagtid.<\/strong><\/p>\n\n\n\n<p class=\"has-black-color has-text-color has-link-color wp-elements-9ba1da5d2766af5cfe3602eec14bafd7\">Inga restriktioner f\u00f6r dig som flyger.<\/p>\n\n\n\n<p class=\"has-black-color has-text-color has-link-color wp-elements-61e1d3cfd367e5173d1899c958e1005b\">Green Flyway \u00e4r ett projekt med syfte \u00e4r att bygga f\u00f6ruts\u00e4ttningar f\u00f6r tester av eldrivna och autonoma luftfartyg.<\/p>\n\n\n\n<p class=\"has-black-color has-text-color has-link-color wp-elements-5ca1b5d65a550ccd74a4c2bc9f81c687\">Projektet har f\u00e5tt tillst\u00e5nd fr\u00e5n Transportstyrelsen att testflyga dr\u00f6nare utom synh\u00e5ll i ett omr\u00e5de kopplat tii ll Optands flygf\u00e4lt, se bifogad bild. Tillst\u00e5ndet g\u00e4ller f\u00f6r en tillf\u00e4llig geografisk UAS-Zon\/D-omr\u00e5de. Tillst\u00e5ndet g\u00e4ller fr\u00e5n 2025-01-20 tom 2025-06-30.<\/p>\n\n\n\n<p class=\"has-black-color has-text-color has-link-color wp-elements-f1aeaf826d83b557418981fa6bf47e8e\">Det \u00e4r alltid fritt att flyga i D-omr\u00e5det. \u00c4ven n\u00e4r dr\u00f6narflygning p\u00e5g\u00e5r. Vid dessa tillf\u00e4llen finns alltid en koordinator i \u00d6stersund flygklubbs stuga som ger information om dr\u00f6narens exakta position via flygradio 123,55 Mhz eller via telefon 076-144 39 75.&nbsp;<\/p>\n\n\n\n<p class=\"has-black-color has-text-color has-link-color wp-elements-b85975b29ccbb753d4b8b1c2c02efe71\">Dr\u00f6naren kommer alltid att l\u00e4mna plats f\u00f6r bemannade luftfartyg.<\/p>\n\n\n\n<p class=\"has-black-color has-text-color has-link-color wp-elements-e63cca96226a6c41ff094b98503a7862\">Flygningar med dr\u00f6nare planeras enbart i det inre omr\u00e5det p\u00e5 bilden. Dr\u00f6naren flyger maximalt upp till 400 fot\/120 meters h\u00f6jd \u00f6ver marken. Det yttre omr\u00e5det \u00e4r en s\u00e4kerhetszon.<\/p>\n\n\n\n<p class=\"has-black-color has-text-color has-link-color wp-elements-8c5f213acdb6eebfa0c0e1875718d0c6\">Dessa dagar finns en koordinator p\u00e5 klubbens radiofrekvens: 123.55 Mhz och telefon:076-144 39 75<\/p>\n\n\n\n<p><\/p>\n","protected":false},"excerpt":{"rendered":"<p>Green Flyway \u00e4r ett projekt med syfte \u00e4r att bygga f\u00f6ruts\u00e4ttningar f\u00f6r tester av eldrivna och autonoma luftfartyg.&nbsp; Projektet har f\u00e5tt tillst\u00e5nd fr\u00e5n Transportstyrelsen att testflyga dr\u00f6nare utom synh\u00e5ll i &#8230;<\/p>\n","protected":false},"author":4,"featured_media":0,"parent":0,"menu_order":0,"comment_status":"closed","ping_status":"closed","template":"template-fullwidth.php","meta":{"_EventAllDay":false,"_EventTimezone":"","_EventStartDate":"","_EventEndDate":"","_EventStartDateUTC":"","_EventEndDateUTC":"","_EventShowMap":false,"_EventShowMapLink":false,"_EventURL":"","_EventCost":"","_EventCostDescription":"","_EventCurrencySymbol":"","_EventCurrencyCode":"","_EventCurrencyPosition":"","_EventDateTimeSeparator":"","_EventTimeRangeSeparator":"","_EventOrganizerID":[],"_EventVenueID":[],"_OrganizerEmail":"","_OrganizerPhone":"","_OrganizerWebsite":"","_VenueAddress":"","_VenueCity":"","_VenueCountry":"","_VenueProvince":"","_VenueState":"","_VenueZip":"","_VenuePhone":"","_VenueURL":"","_VenueStateProvince":"","_VenueLat":"","_VenueLng":"","_VenueShowMap":false,"_VenueShowMapLink":false,"footnotes":""},"class_list":["post-965","page","type-page","status-publish","hentry"],"acf":[],"_links":{"self":[{"href":"https:\/\/ostersundsmodellflygklubb.se\/index.php?rest_route=\/wp\/v2\/pages\/965","targetHints":{"allow":["GET"]}}],"collection":[{"href":"https:\/\/ostersundsmodellflygklubb.se\/index.php?rest_route=\/wp\/v2\/pages"}],"about":[{"href":"https:\/\/ostersundsmodellflygklubb.se\/index.php?rest_route=\/wp\/v2\/types\/page"}],"author":[{"embeddable":true,"href":"https:\/\/ostersundsmodellflygklubb.se\/index.php?rest_route=\/wp\/v2\/users\/4"}],"replies":[{"embeddable":true,"href":"https:\/\/ostersundsmodellflygklubb.se\/index.php?rest_route=%2Fwp%2Fv2%2Fcomments&post=965"}],"version-history":[{"count":6,"href":"https:\/\/ostersundsmodellflygklubb.se\/index.php?rest_route=\/wp\/v2\/pages\/965\/revisions"}],"predecessor-version":[{"id":1091,"href":"https:\/\/ostersundsmodellflygklubb.se\/index.php?rest_route=\/wp\/v2\/pages\/965\/revisions\/1091"}],"wp:attachment":[{"href":"https:\/\/ostersundsmodellflygklubb.se\/index.php?rest_route=%2Fwp%2Fv2%2Fmedia&parent=965"}],"curies":[{"name":"wp","href":"https:\/\/api.w.org\/{rel}","templated":true}]}}